e u(p).
-3
Let w be (-29 - 1)*3/(-6). Suppose -s + w = 4*s. Let r(b) = b**3 - 5*b**2 + 5*b - 3. Determine r(s).
-6
Let z = -5 - -7. Let a(c) = -10*c + 1. Let i(h) = 21*h - 2. Let o(u) = -13*a(u) - 6*i(u). Calculate o(z).
7
Let f(w) = 2*w - 9. Let h(r) = -r + 1. Let i(p) = f(p) + 6*h(p). Let l(m) = 2*m**3 - m - 3*m**3 + 4*m**3. Let a be l(-1). Determine i(a).
5
Let h = 5 - -2. Suppose h*z = 2*z + 2*o + 10, 3*z - 2 = 2*o. Let q(p) = -3 + z*p - 2*p - p. What is q(3)?
0
Let c(b) be the third derivative of -b**6/120 + b**5/60 + b**3 - 6*b**2. Calculate c(0).
6
Let s(i) = -9*i + 1. Let p(d) = 5*d - 1. Let v(f) = -5*p(f) - 3*s(f). Give v(-4).
-6
Let k(j) = -j + 1. Let g be k(-1). Let p = g + 3. Let b(q) = q - 9. Let d(n) = -n + 10. Let f(c) = -6*b(c) - 5*d(c). Calculate f(p).
-1
Let u(z) = z**3 + 7*z**2 + 5*z + 5. Let g(l) = l - 1. Let i(h) = -2*g(h) - u(h). Let v be (90/(-75))/((-1)/(-5)). Determine i(v).
3
Let n be (-1)/(28/(-48))*7. Let v = n + -12. Let m(c) = -c - 5. Give m(v).
-5
Suppose 8*z - 4*z - 16 = 0. Let k(v) be the first derivative of v**3/3 - 3*v**2 + 6*v - 15. What is k(z)?
-2
Let c(o) = -12*o - 8*o + 2*o**2 + 19*o - 1 - 1. Suppose 2*l - 7 = -3. Determine c(l).
4
Let t = 41 - 45. Let h be 4*-2*2/(-8). Let b(k) = h - 2 - k - 5. Determine b(t).
-1
Let u(o) = 6*o**3 + 5*o**2 + 5*o - 11. Let d(g) = -5*g**3 - 5*g**2 - 4*g + 10. Let i(j) = -5*d(j) - 4*u(j). What is i(-5)?
-6
Let v be (-7)/(-56) - (-178)/(-16). Let f = 10 + v. Let j(m) = -13*m**3 - m. Calculate j(f).
14
Suppose 4 = 2*n + 2*t, 0 = -n + 3*n + t - 2. Suppose n = -4*y + 8*y + 4. Let u(k) = -2*k**2 + 2*k + 1. Give u(y).
-3
Let j(k) = -2*k + 4. Let f be j(0). Let y(m) = -m**2 - 2*m + 2. Calculate y(f).
-22
Let o(h) be the first derivative of -h**3/3 - 9*h**2/2 - 7*h - 11. Determine o(-8).
1
Let k(i) = -i**2 + 4*i + 5. Suppose 5*s - 20 = -0*s. What is k(s)?
5
Let f(d) = -d**3 + 4*d**2 + 5*d + 6. Let b(z) be the third derivative of z**4/24 - z**3/2 - 3*z**2. Let q be b(8). Determine f(q).
6
Let w(k) = -k**3 + 7*k**2 - 6*k + 3. Let s be w(6). Suppose -1 = -2*n + s. Let m(x) = -2*x**n - 1 + x + x**3 - x - 4*x. Give m(3).
-4
Let r(p) be the first derivative of 2*p**2 + 10*p + 9. What is r(-7)?
-18
Let d(y) = y**2 + 7*y + 3. Let p = 12 + -14. Let s be (-4)/(8/3 + p). Give d(s).
-3
Let k(m) = m**2 - 3*m + 1. Let j(f) = -7*f + 8*f - f**2 + 0 - 1. Let n(d) = -2*j(d) - k(d). Give n(-1).
1
Let m(p) = 2*p**2 - 2. Let z be m(2). Let u(t) = 1 + 5 + 2*t - 4*t + 0*t. Give u(z).
-6
Let p(z) = z - 5. Let t be p(5). Suppose -x + 5 = -t. Suppose 3 = -j + 3*l, 10*j - x*j + 4*l = -15. Let y(m) = m**2 - 4. Give y(j).
5
Let z = -7 - -4. Let c(k) = -3*k**2 - 3*k + 2. Give c(z).
-16
Let b(w) = -7*w**3 + 9*w**2 + 3*w + 23. Let p(a) = -4*a**3 + 4*a**2 + 2*a + 12. Let j(f) = -3*b(f) + 5*p(f). What is j(7)?
-2
Let g(s) = -s**3 + 4*s**2 + 4*s - 3. Suppose -2*k = 5*j - 21, j + 8*k - 5*k + 1 = 0. What is g(j)?
-8
Suppose 3*q - 10 = -2*q. Let u(s) = 2*s - 6*s - 4*s**q + 3*s**2 + 4 + s. What is u(-5)?
-6
Let t(b) = -b**2 + 6*b - 4. Suppose 0 = -4*s + 3*f + 4 + 3, -s + 13 = 3*f. Calculate t(s).
4
Let o(s) = -s**3 - 2*s**2 + 5*s - 1. Suppose 0 = -2*d + 5 - 1. Let f be d*-1*(-1)/2. Suppose -w = -f + 5. Calculate o(w).
11
Let g = -3 + -2. Let n(t) = 8*t + 4. Let h(z) = -z + 1. Let o(j) = -5*j - 8. Let s(l) = 3*h(l) + o(l). Let y(p) = g*s(p) - 6*n(p). What is y(1)?
-7
Let d(i) = 2*i - 2. Let p(k) = -k + 1. Let m(q) = -6*d(q) - 11*p(q). Let n be (-15)/(-9)*(5 + 64). Let r be n/25 - 6/(-15). Give m(r).
-4
Let d be 2/(-2)*(-3 + 0). Let n = d - 4. Let q(y) = y**2 - y - 1. Determine q(n).
1
Let l(q) = -q**2 + q - 1. Suppose 2*f - 5*i - 26 = -f, -i + 2 = 3*f. Suppose -f*h + 3*h = 0. Suppose 3*w = -3*k + 15, k = -3*w - h*w + 7. Calculate l(w).
-1
Let b(x) = -x + 4. Let a(f) = f**2 - 11*f - 7. Let r be a(12). Determine b(r).
-1
Suppose 0 = -4*r + 1 + 7. Let a be (2 - (1 + r))*5. Let g(z) = z**2 - 111*z - 1 + 53*z + 61*z. Determine g(a).
9
Let o(m) = -m + 1 + 11 + 1. Calculate o(6).
7
Let g(z) = 1. Let n(b) = -3*b + 6. Let l(d) = -4*g(d) + n(d). Calculate l(-3).
11
Let l(q) be the second derivative of 7*q**3/6 - q**2 - 4*q. Let a(p) = 11*p - 3. Let k(d) = 5*a(d) - 8*l(d). What is k(3)?
-2
Let w(k) = 2*k**3 + 21*k**2 - 3*k - 11. Let z(g) = g**3 + 10*g**2 - g - 5. Let p(i) = 4*w(i) - 9*z(i). Calculate p(-5).
-9
Suppose -35 = -0*r - 5*r. Let o(q) = -q**2 + 8*q - 5. Determine o(r).
2
Let n(r) = 1 - 4*r - 1 - 3 + 3*r. Calculate n(3).
-6
Let t(j) = 5*j**3 - 13*j**2 - 21*j + 5. Let u(w) = w**3 - 3*w**2 - 5*w + 1. Let y(r) = -2*t(r) + 9*u(r). Calculate y(-2).
9
Let k(w) = -7*w**2 - 1. Suppose 0*q = q + 5. Let h(u) = 6*u**2. Let g(n) = q*k(n) - 6*h(n). Give g(0).
5
Let z(v) be the third derivative of v**6/120 - v**5/15 - v**4/6 + 5*v**3/6 - 5*v**2. Give z(5).
10
Let t(j) be the third derivative of -j**4/8 - 14*j**2. Let f(o) = -o**3 + 7*o**2 - 5*o - 2. Let w be f(6). Let u = w + -6. Calculate t(u).
6
Let o(h) = -h - 1. Let q(x) = 2*x - 18. Let c be q(9). Determine o(c).
-1
Let h(d) be the second derivative of -7*d**3/6 + 3*d**2/2 - d. What is h(2)?
-11
Let g(n) = -n**2 - 5*n - 3. Let h be g(-3). Let q(w) be the third derivative of w**5/60 - w**4/8 - w**3/2 - w**2. What is q(h)?
-3
Suppose -4*s = 1 + 3. Let r(t) = -7*t**3 - t + 5*t + 1 - 2*t. Give r(s).
6
Let w(y) = -y**2 - 4 + 2 - 2*y**2 + y**2 + 2*y. Calculate w(2).
-6
Let z(m) = 6*m - 8. Let d(b) = -b + 2. Let q(k) = 16*d(k) + 3*z(k). Let n = 8 - 5. Let g be n/2*-4*1. What is q(g)?
-4
Let c = -7 + 17. Let y(f) = -f**2 + 9*f + 13. Let p be y(c). Let h(d) = 2*d + 3. What is h(p)?
9
Let q(i) = -i + 5. Let c(b) = b - 4. Let s(y) = -y + 14. Let x be s(11). Let d(z) = x*q(z) + 4*c(z). Determine d(-5).
-6
Let p(a) = -a**3 + 3*a**2 + 3*a + 2. Suppose 4*y + y + 1 = 4*b, -3*y + 17 = 2*b. What is p(b)?
-2
Let s(f) = 5*f**2 + 5. Let z(w) be the second derivative of -w**4/12 - w**3/6 - w**2/2 - 5*w. Let o(t) = s(t) + 6*z(t). What is o(-6)?
-1
Let i(h) be the third derivative of -h**5/60 + h**4/12 - h**3/6 + 3*h**2. Let f(b) = -b**2 + 3*b + 2 - b**2 + b**2. Let x be f(3). Calculate i(x).
-1
Let g = -8 - -20. Let r be 6/15 + g/(-5). Let y(x) be the third derivative of x**5/20 + x**4/6 + x**3/3 + 6*x**2. Calculate y(r).
6
Let b(h) = 3*h**2 - 5*h - 5. Let c(g) = 13*g**2 - 20*g - 21. Let r(v) = 9*b(v) - 2*c(v). Let y = 4 + -3. Let j = 5 - y. Give r(j).
-7
Let r(y) be the second derivative of -1/20*y**5 + 5/12*y**4 + 2*y + 1/2*y**2 + 1/3*y**3 + 0. What is r(5)?
11
Suppose -4*t - 22 = -2*w, 5*w - t - 43 = 3*t. Let n(m) = -m**2 + 6*m + 2. What is n(w)?
-5
Let c(q) = -q - 5. Let b(i) = i. Let d be b(-7). Let x be c(d). Let f(l) = l**2 - l - 2*l**3 - x + l + 3*l. Give f(2).
-8
Let n(f) be the second derivative of -f**7/2520 + f**6/240 + f**5/40 - f**4/12 + 2*f. Let m(p) be the third derivative of n(p). Let z be 13/5 + 4/10. Give m(z).
3
Let z(r) = 10*r**2 + 10*r - 1. Let s(f) = 3*f**2 + 3*f. Let b(m) = 7*s(m) - 2*z(m). Determine b(0).
2
Let k(w) = 9*w + 4. Let m be k(-4). Let x = m - -62. Suppose -3*j = -8*j - x. Let p(v) = -2*v - 5. Give p(j).
7
Let k(s) = s - 4. Suppose x - 2 + 6 = 0. What is k(x)?
-8
Let z(o) = -o**3 + 5*o**2 - 4*o + 7. Let m = -4 - -30. Suppose -3*j + j - m = -4*n, 4 = 2*n + 2*j. Determine z(n).
-13
Suppose -w - 13 = 3*u, 0*w + 3*w - 13 = 4*u. Let q(i) = -2*i - i**3 - 5 - 5*i**2 + 5 + 1. Give q(u).
-7
Let s(a) = 3*a**3 - 2*a + a + 2*a - 2*a**3. What is s(-1)?
-2
Let w(b) be the second derivative of -b + 0 - 1/6*b**3 - 2*b**2. Calculate w(3).
-7
Let j(f) = -f**2 - 4*f + 15. Let p be j(-7). Let q(i) = -i**3 - 6*i**2 + i - 5. Calculate q(p).
-11
Let c(t) be the first derivative of -t**2/2 - 4*t + 1. Let n be c(0). Let g(d) = d**2 + 3*d + 5. Calculate g(n).
9
Let u(r) = -r**3 + 5*r**2 - 5*r + 1. Let b = 12 - 8. Let a be u(b). Let y(h) be the second derivative of 2*h**3/3 + h**2 - 11*h. Determine y(a).
-10
Let h(l) = -l**3 + 3*l**2 - l + 1. Suppose 11 = w - 2*x, -24 = -4*w + 5*x - x. Let b = -2 + w. Let m = b - -3. Calculate h(m).
3
Suppose -4*d = -d - 3. Let p = d + 2. Let m(y) be the first derivative of y**4/4 - y**3/3 - y**2 - 4*y - 1. Give m(p).
8
Let q(f) = 6*f - 26. Let a(k) = -k + 5. Let d(h) = 11*a(h) + 2*q(h). Let s = -20 - -16. What is d(s)?
-1
Let y(t) be the second derivative 